+ 6, 2 = -g - j. Let s(a) = a - 3*a - 4*a + g*a. What is s(-1)?
6
Suppose -4*h + 2 = -5*c, 3*c - 11 = -2*h + 1. Suppose -c*r = -r. Let q(d) = -d - 1. Give q(r).
-1
Let b(q) = -4*q**3 - q**2 + 6*q + 2. Let a(w) = 9*w**3 + w**2 - 12*w - 4. Let p(o) = -3*a(o) - 7*b(o). Determine p(-5).
3
Let z(g) = -3*g - 3*g + 1 - 3*g - 3. Calculate z(-2).
16
Let c(y) = -3*y**3 - 2*y**2 + 1. Let w = 14 - 13. What is c(w)?
-4
Let y(r) = 3*r + 2. Let c(d) = -2*d - 1. Suppose -5*p = 3*z, 2*z + 4*p - 4 = 2*p. Let q(k) = z*y(k) + 8*c(k). Determine q(-4).
6
Let g(t) = -t + 3. Let m(f) = -5*f + 34. Let r be m(6). Calculate g(r).
-1
Let x(s) be the first derivative of 0*s - 2/3*s**3 + 3 + 1/12*s**4 + 0*s**2 + 1/60*s**5. Let j(q) be the third derivative of x(q). What is j(-2)?
-2
Let h(a) = -a**3 + a**2 - a - 6. Let r = 43 + -43. Determine h(r).
-6
Let o(h) = -h - 1. Let j(y) = 2*y - 3*y - 1 + 3 - 3. Let r(w) = -6*j(w) + 5*o(w). Give r(-4).
-3
Let h be 19 + -8 + (0 - -1). Suppose h = 3*j - 0*j. Let v(u) = u**3 + 4 - 5*u - 4*u**2 + u**2 + 0*u**3. What is v(j)?
0
Let r(l) = -l**3 - 5*l**2 + 5. Let v(n) = 4*n. Let j be v(-1). Calculate r(j).
-11
Let i = -5 - -1. Let a(l) = l - 5. What is a(i)?
-9
Let n(h) = h**2 - 9*h + 10. Let c be n(8). Let i be (-20)/(-8)*(c - 0). Let d(k) = -2 + 2 + 2*k + i. Determine d(-5).
-5
Let d(r) = -r**2 + 13*r + 2. Let k(g) = g**2 - 12*g - 1. Let h(m) = 5*d(m) + 6*k(m). Calculate h(6).
-2
Let y(u) = -u**3 - 2*u**2 - 2*u - 1. Let l(j) = -3*j - j**3 + 5*j - 5*j - 2*j**2. Suppose 10 - 2 = 4*q. Let n(d) = q*l(d) - 3*y(d). Give n(-3).
-6
Let o(y) = -y - 3. Let w(h) = -h + 18. Let i be w(12). Let k be i*((-8)/4 + 1). Calculate o(k).
3
Let q(b) = b + 1. Suppose 2*j + 72 = 8. Let p = j + 18. Let g be 2/7 - 38/p. Calculate q(g).
4
Let w(x) = -11*x**2 - 34*x - 3. Let p(f) = -5*f**2 - 16*f - 1. Let j(o) = 13*p(o) - 6*w(o). Calculate j(5).
10
Let o be -1*3*(-20)/15. Suppose 5*b - 1 - 4 = 0, -4 = 5*n - o*b. Let k(q) = -q + 12. Give k(n).
12
Let c(t) be the third derivative of t**4/12 + t**3/2 - 3*t**2. Let j = 1 + 7. Let r = -13 + j. Give c(r).
-7
Suppose 0 = 2*q + 5*q + 42. Let t(i) = -i**3 - 6*i**2 + i - 7. What is t(q)?
-13
Let m(l) be the third derivative of -1/4*l**4 + 0*l + 2*l**2 + 1/30*l**5 + 0 + 1/6*l**3. Let v be 1/((-2)/(-4)) + (0 - -2). Give m(v).
9
Let y(j) = j**2 - j - 13. Let f be (0/(-2))/(4/(-1)). Calculate y(f).
-13
Let g(j) be the second derivative of -j**3 + 1/4*j**4 - j - 1/15*j**5 + 2*j**2 - 1/120*j**6 + 0. Let s(m) be the first derivative of g(m). Determine s(-5).
-11
Let x = 3 + -10. Let k = x - -8. Let v = k - 5. Let c(y) = y**2 + 5*y. Calculate c(v).
-4
Suppose -2*p + 4*p = -2*a + 12, -p = -3*a + 14. Let d(w) be the third derivative of w**4/6 - w**3/6 - w**2. Calculate d(p).
3
Let z(g) = -2*g**3 + g**2 + 17*g + 3. Suppose -5*x - 7*m + 5*m = 53, -4*m - 51 = 5*x. Let r(n) = -n**3 + n**2 + 9*n + 1. Let q(k) = x*r(k) + 6*z(k). Give q(-5).
-8
Let j(n) = -n**3 + n**2 - n - 2. Let c be j(-1). Let z = c + -1. Let y(w) be the second derivative of w**3/6 - 5*w**2/2 + w. Determine y(z).
-5
Let a(m) be the third derivative of -1/30*m**5 + 3*m**2 - 1/12*m**4 + 0 + 0*m - 1/6*m**3. What is a(-1)?
-1
Let u(c) = -2*c. Let z be u(-3). Let a = -4 + z. Let t(n) be the first derivative of n**2/2 + n + 1. Determine t(a).
3
Suppose 2*m = 13 - 3. Let b(l) = 2*l + 7. Determine b(m).
17
Let h(s) = -s**3 + 7*s**2 - 7*s + 2. Let i be h(6). Let q(p) = -p**2 + 6*p + 7. Let o(w) = 6*w**2 - 30*w - 36. Let f(d) = 2*o(d) + 11*q(d). Determine f(i).
-3
Let t(n) = -n**3 - 3*n**2 - 2*n. Suppose c - 12 = -3*c. Let f = 0 + 3. Suppose -c*h - 6 = -h - 5*m, -h - 3 = -f*m. Give t(h).
6
Let t(i) = -9*i + 1. Let x(o) = 4*o + 7. Let j(l) = 3*l + 6. Let s(y) = -3*j(y) + 2*x(y). Let m be s(-5). Determine t(m).
-8
Let y(k) be the second derivative of 1/2*k**3 - 3/2*k**2 + 0 - 3*k. Give y(3).
6
Let h(f) = f + 1. Let z be h(-1). Let v(k) be the first derivative of k**3/3 + k**2/2 - 4*k + 2. Calculate v(z).
-4
Let v(p) = -p**3 - 6*p**2 - p + 1. Suppose -5*d = -2*b - 13, -4*b - 8 = -3*d - 3*b. Suppose -35 = 5*w - 4*x + 15, 15 = d*x. What is v(w)?
7
Let w(b) = 2*b. Let l(x) = 68*x. Let o(a) = -2*l(a) + 72*w(a). Let r(f) = f**2 - 4*f - 4. Let s be r(5). Determine o(s).
8
Suppose k = 21 + 3. Let r = k + -20. Let o(b) = 11*b**2 + b. Let h(v) = -5*v**2. Let m(u) = -9*h(u) - 4*o(u). Calculate m(r).
0
Let p(u) = 0*u**2 - 3*u**2 + 9*u**3 + 4*u - 17*u**3 + 7*u**3 - 4. Suppose -6*q + 4*q - 20 = 0. Let c = 6 + q. What is p(c)?
-4
Let u(o) be the first derivative of 2*o**2 - o**2 - 3*o + 4*o + 3. Calculate u(-4).
-7
Let r(l) be the third derivative of l**6/120 + l**5/10 + l**4/12 - l**3/3 - l**2. Give r(-5).
13
Let o(t) be the first derivative of -t**2/2 + t + 1. Suppose 0 = -0*k + 18*k - 108. Determine o(k).
-5
Suppose 0 = -2*g + 2*v + 12, 0 = 3*g - 2*v + 5*v + 6. Suppose g*s + 15 = 7*s. Let c = s - 4. Let k(i) = i - 1. Give k(c).
-2
Let o(n) = -5*n**2 - 19*n + 19. Let s(b) = -2*b**2 - 9*b + 9. Let a(v) = -3*o(v) + 7*s(v). Determine a(4).
-2
Let b(p) = -p. Let q(r) = 2*r + 1. Let j(x) = -3*b(x) - q(x). Let n be ((-5)/(-2))/((-1)/(-2)). Suppose n*u - 2 = 3. Determine j(u).
0
Suppose 0 = -4*t + 4. Let n(d) be the third derivative of -d**6/120 - d**5/60 - d**4/24 + d**3/6 - d**2. Let p be n(t). Let u(l) = 2*l**2 + 2. Calculate u(p).
10
Let h(c) = -5*c - 11. Let y(g) = -5*g - 12. Let a(s) = -5*h(s) + 4*y(s). Let w(z) = z + 1. Let v(q) = -a(q) + 4*w(q). Calculate v(-7).
4
Let l(c) = -3*c. Suppose -2*o + 3*b = -7, -3*o - 2*b - 6 = -b. Let i = 4 + o. Suppose n + i = 1. Give l(n).
6
Let a(x) be the third derivative of x**6/120 + x**5/12 + x**4/8 - 79*x**2. Suppose -y - 4*d + 2 = 0, 5*d + 4 = y + 11. Determine a(y).
6
Let g(j) = -3*j + 7. Let b(t) = 7*t**2 + 2*t + 1. Let i be b(-1). Calculate g(i).
-11
Let t(s) = -2*s**2 - 8*s - 7. Suppose -8*a = -15*a - 35. Determine t(a).
-17
Let z(y) = y**3 - 4*y**2 - 5*y + 1. Suppose -9*f + 12*f - 15 = 0. What is z(f)?
1
Let h(d) = -d**3 + 5*d**2 - 2*d + 3. Let p(f) = -f**2 - 2*f + 13. Let m be p(-4). Determine h(m).
-7
Let d(a) = -a**3 - 4*a**2 + 4*a - 2. Let q be d(-5). Let x(b) = -2*b - 2*b + 4 + q*b. What is x(0)?
4
Suppose k = -3 + 6. Let a(n) = -1 + 3*n**2 - n**k + 9*n - 4*n + n**2. Give a(5).
-1
Let f be -5*1/(-2)*-4. Suppose 2*c = c - 8. Let k = f - c. Let z(q) = -2*q**2 - q + 1. What is z(k)?
-5
Let l(b) = b**3 - 4*b**2 + 2*b + 3. Let f be l(3). Suppose f = k - 2. Let v(j) = -k*j - 4*j - 3 + 4*j. Determine v(-2).
1
Let t(d) = d**2 - 9*d - 9. Suppose 9*s + 18 = 11*s. Determine t(s).
-9
Let k(c) = -9 - 3 - 5*c**2 - 12*c - 2. Let h(y) = 2*y**2 + 4*y + 5. Let j(g) = -8*h(g) - 3*k(g). What is j(3)?
5
Let q be -3 - -1 - -2 - -2. Suppose q*o - 12 = -2*o, 3*o = -5*l + 29. Suppose -4 = l*v - 3*v. Let k(s) = s**3 + 4*s**2 + s + 4. Determine k(v).
0
Let f(t) = t + 4. Let d = -7 - -7. Suppose 3*z - 13 = p, -z + 4*p + 3 + 5 = d. What is f(z)?
8
Let z = -5 + 8. Let q(o) = -7*o. Let t(j) = 3*j. Let p(x) = -2*q(x) - 5*t(x). Let r(y) = y. Let m(i) = -2*p(i) - 3*r(i). Calculate m(z).
-3
Let v = -6 - -8. Let q(h) = -h**2 - 3*h**3 + 0 - 3 + 0*h**v + 4*h**3. Determine q(0).
-3
Let i(b) = b**3 - 2*b + 3. Let p(l) be the third derivative of l**4/24 + l**3/3 - 4*l**2. Let f be p(0). Determine i(f).
7
Let i(f) = 3*f. Let b(l) = -l. Let n(y) = y - 22. Let j be n(9). Let p(t) = j*b(t) - 6*i(t). Give p(-1).
5
Let t be ((-180)/25)/((-6)/20). Suppose -5*j = 4*v + t, 2*v - 26 = 5*j - 8. Let c(k) = 5*k**2 - k. Give c(v).
6
Let k(j) be the second derivative of -j**3/2 - j**2 + 3*j. Calculate k(3).
-11
Suppose -14 = -5*n + a, 5*n - 6*a - 18 = -4*a. Suppose -3*s + n*h = -28, s = 6*s - h - 35. Let r(l) = -l**2 + 7*l - 3. What is r(s)?
3
Let v = 1 - -3. Let o(j) = -2*j**2 - 2 - 2 + j**2 - v*j + 12*j. What is o(6)?
8
Let z(p) = p**3 + p**2 + 2*p + 8 - 6 + 1 - p. What is z(0)?
3
Let z(a) = 2*a - 9. Let f be z(6). Let p(k) = 3*k + f - 4 + 0 + k**2. Calculate p(-4).
3
Let f be (3*(-4)/6)/2. Let g(o) = 4*o - 2*o - o + 1 - 6*o**2. What is g(f)?
-6
Let z(l) = -l + 2. Let r(h) = h**2 + 3*h. Let j be r(-3). Suppose -4*a - 3*n - 5 = a, a - 5*n + 1 = j. Let w = a + 1. Give z(w).
2
Suppose -12 = -0*d - 3*d. Let v be (d/10)/(1/5). Let a(k) = -6 + 2*k**2 - 5*k + 0*k**2 - k**v. Give a(5).
-6
Let s = 1 - 5